{"id":121,"date":"2019-08-31T13:28:41","date_gmt":"2019-08-31T11:28:41","guid":{"rendered":"https:\/\/zagorze.schoolpage.pl\/?page_id=121"},"modified":"2025-10-27T13:31:39","modified_gmt":"2025-10-27T12:31:39","slug":"organizacja-pracy-oddzialow","status":"publish","type":"page","link":"https:\/\/zagorze.schoolpage.pl\/index.php\/organizacja-pracy-oddzialow\/","title":{"rendered":"Organizacja pracy oddzia\u0142\u00f3w"},"content":{"rendered":"\n<p><strong>KRASNOLUDKI <\/strong>( 2,5 i 3\u2013 latki ) \u2013 6:30 \u2013 16:30<br>Otylia Celarek, Natalia Gajda<\/p>\n\n\n\n<p><strong>PSZCZ\u00d3\u0141KI <\/strong>( 3 i 4 -latki) &#8211; 8:00 &#8211; 15:00 <br> Natalia Gajda, Renata Wal\u0119ga<\/p>\n\n\n\n<p><strong>KUBUSIE<\/strong> ( 4 i 5 \u2013 latki ) &#8211; 8:00 &#8211; 15:00<br> Agnieszka Warszawska, Magdalena Bzducha<\/p>\n\n\n\n<p><strong>SMERFY<\/strong> ( 6 \u2013 latki) &#8211; 8:00 &#8211; 15:00<br>Amelia Wolska<\/p>\n\n\n\n<p>Uwaga:  oddzia\u0142em dy\u017curuj\u0105cym jest grupa Biedronek Dzieci przyprowadzane przed godzin\u0105 8:00 nale\u017cy zostawi\u0107 pod opiek\u0105 nauczyciela w grupie  dy\u017curuj\u0105cej. Dzieci 5 i 6  letnie  o godz. 8:00 s\u0105 zabierane przez nauczycielki do oddzia\u0142u na g\u00f3r\u0119 i przechodz\u0105 do swojej sali<\/p>\n","protected":false},"excerpt":{"rendered":"<p>KRASNOLUDKI ( 2,5 i 3\u2013 latki ) \u2013 6:30 \u2013 16:30Otylia Celarek, Natalia Gajda PSZCZ\u00d3\u0141KI ( 3 i 4 -latki) &#8211; 8:00 &#8211; 15:00 Natalia Gajda, Renata Wal\u0119ga KUBUSIE ( 4 i 5 \u2013 latki ) &#8211; 8:00 &#8211; 15:00<\/p>\n","protected":false},"author":1,"featured_media":0,"parent":0,"menu_order":0,"comment_status":"closed","ping_status":"closed","template":"","meta":{"footnotes":""},"class_list":["post-121","page","type-page","status-publish","hentry"],"yoast_head":"<!-- This site is optimized with the Yoast SEO plugin v27.3 - https:\/\/yoast.com\/product\/yoast-seo-wordpress\/ -->\n<title>Organizacja pracy oddzia\u0142\u00f3w - Przedszkole Zag\u00f3rze<\/title>\n<meta name=\"robots\" content=\"index, follow, max-snippet:-1, max-image-preview:large, max-video-preview:-1\" \/>\n<link rel=\"canonical\" href=\"https:\/\/zagorze.schoolpage.pl\/index.php\/organizacja-pracy-oddzialow\/\" \/>\n<meta property=\"og:locale\" content=\"pl_PL\" \/>\n<meta property=\"og:type\" content=\"article\" \/>\n<meta property=\"og:title\" content=\"Organizacja pracy oddzia\u0142\u00f3w - Przedszkole Zag\u00f3rze\" \/>\n<meta property=\"og:description\" content=\"KRASNOLUDKI ( 2,5 i 3\u2013 latki ) \u2013 6:30 \u2013 16:30Otylia Celarek, Natalia Gajda PSZCZ\u00d3\u0141KI ( 3 i 4 -latki) &#8211; 8:00 &#8211; 15:00 Natalia Gajda, Renata Wal\u0119ga KUBUSIE ( 4 i 5 \u2013 latki ) &#8211; 8:00 &#8211; 15:00\" \/>\n<meta property=\"og:url\" content=\"https:\/\/zagorze.schoolpage.pl\/index.php\/organizacja-pracy-oddzialow\/\" \/>\n<meta property=\"og:site_name\" content=\"Przedszkole Zag\u00f3rze\" \/>\n<meta property=\"article:modified_time\" content=\"2025-10-27T12:31:39+00:00\" \/>\n<meta name=\"twitter:card\" content=\"summary_large_image\" \/>\n<meta name=\"twitter:label1\" content=\"Szacowany czas czytania\" \/>\n\t<meta name=\"twitter:data1\" content=\"1 minuta\" \/>\n<script type=\"application\/ld+json\" class=\"yoast-schema-graph\">{\"@context\":\"https:\\\/\\\/schema.org\",\"@graph\":[{\"@type\":\"WebPage\",\"@id\":\"https:\\\/\\\/zagorze.schoolpage.pl\\\/index.php\\\/organizacja-pracy-oddzialow\\\/\",\"url\":\"https:\\\/\\\/zagorze.schoolpage.pl\\\/index.php\\\/organizacja-pracy-oddzialow\\\/\",\"name\":\"Organizacja pracy oddzia\u0142\u00f3w - Przedszkole Zag\u00f3rze\",\"isPartOf\":{\"@id\":\"https:\\\/\\\/zagorze.schoolpage.pl\\\/#website\"},\"datePublished\":\"2019-08-31T11:28:41+00:00\",\"dateModified\":\"2025-10-27T12:31:39+00:00\",\"breadcrumb\":{\"@id\":\"https:\\\/\\\/zagorze.schoolpage.pl\\\/index.php\\\/organizacja-pracy-oddzialow\\\/#breadcrumb\"},\"inLanguage\":\"pl-PL\",\"potentialAction\":[{\"@type\":\"ReadAction\",\"target\":[\"https:\\\/\\\/zagorze.schoolpage.pl\\\/index.php\\\/organizacja-pracy-oddzialow\\\/\"]}]},{\"@type\":\"BreadcrumbList\",\"@id\":\"https:\\\/\\\/zagorze.schoolpage.pl\\\/index.php\\\/organizacja-pracy-oddzialow\\\/#breadcrumb\",\"itemListElement\":[{\"@type\":\"ListItem\",\"position\":1,\"name\":\"Strona g\u0142\u00f3wna\",\"item\":\"https:\\\/\\\/zagorze.schoolpage.pl\\\/\"},{\"@type\":\"ListItem\",\"position\":2,\"name\":\"Organizacja pracy oddzia\u0142\u00f3w\"}]},{\"@type\":\"WebSite\",\"@id\":\"https:\\\/\\\/zagorze.schoolpage.pl\\\/#website\",\"url\":\"https:\\\/\\\/zagorze.schoolpage.pl\\\/\",\"name\":\"Przedszkole Zag\u00f3rze\",\"description\":\"ul. \u017belatowa 8, 32-555 Zag\u00f3rze\",\"potentialAction\":[{\"@type\":\"SearchAction\",\"target\":{\"@type\":\"EntryPoint\",\"urlTemplate\":\"https:\\\/\\\/zagorze.schoolpage.pl\\\/?s={search_term_string}\"},\"query-input\":{\"@type\":\"PropertyValueSpecification\",\"valueRequired\":true,\"valueName\":\"search_term_string\"}}],\"inLanguage\":\"pl-PL\"}]}<\/script>\n<!-- \/ Yoast SEO plugin. -->","yoast_head_json":{"title":"Organizacja pracy oddzia\u0142\u00f3w - Przedszkole Zag\u00f3rze","robots":{"index":"index","follow":"follow","max-snippet":"max-snippet:-1","max-image-preview":"max-image-preview:large","max-video-preview":"max-video-preview:-1"},"canonical":"https:\/\/zagorze.schoolpage.pl\/index.php\/organizacja-pracy-oddzialow\/","og_locale":"pl_PL","og_type":"article","og_title":"Organizacja pracy oddzia\u0142\u00f3w - Przedszkole Zag\u00f3rze","og_description":"KRASNOLUDKI ( 2,5 i 3\u2013 latki ) \u2013 6:30 \u2013 16:30Otylia Celarek, Natalia Gajda PSZCZ\u00d3\u0141KI ( 3 i 4 -latki) &#8211; 8:00 &#8211; 15:00 Natalia Gajda, Renata Wal\u0119ga KUBUSIE ( 4 i 5 \u2013 latki ) &#8211; 8:00 &#8211; 15:00","og_url":"https:\/\/zagorze.schoolpage.pl\/index.php\/organizacja-pracy-oddzialow\/","og_site_name":"Przedszkole Zag\u00f3rze","article_modified_time":"2025-10-27T12:31:39+00:00","twitter_card":"summary_large_image","twitter_misc":{"Szacowany czas czytania":"1 minuta"},"schema":{"@context":"https:\/\/schema.org","@graph":[{"@type":"WebPage","@id":"https:\/\/zagorze.schoolpage.pl\/index.php\/organizacja-pracy-oddzialow\/","url":"https:\/\/zagorze.schoolpage.pl\/index.php\/organizacja-pracy-oddzialow\/","name":"Organizacja pracy oddzia\u0142\u00f3w - Przedszkole Zag\u00f3rze","isPartOf":{"@id":"https:\/\/zagorze.schoolpage.pl\/#website"},"datePublished":"2019-08-31T11:28:41+00:00","dateModified":"2025-10-27T12:31:39+00:00","breadcrumb":{"@id":"https:\/\/zagorze.schoolpage.pl\/index.php\/organizacja-pracy-oddzialow\/#breadcrumb"},"inLanguage":"pl-PL","potentialAction":[{"@type":"ReadAction","target":["https:\/\/zagorze.schoolpage.pl\/index.php\/organizacja-pracy-oddzialow\/"]}]},{"@type":"BreadcrumbList","@id":"https:\/\/zagorze.schoolpage.pl\/index.php\/organizacja-pracy-oddzialow\/#breadcrumb","itemListElement":[{"@type":"ListItem","position":1,"name":"Strona g\u0142\u00f3wna","item":"https:\/\/zagorze.schoolpage.pl\/"},{"@type":"ListItem","position":2,"name":"Organizacja pracy oddzia\u0142\u00f3w"}]},{"@type":"WebSite","@id":"https:\/\/zagorze.schoolpage.pl\/#website","url":"https:\/\/zagorze.schoolpage.pl\/","name":"Przedszkole Zag\u00f3rze","description":"ul. \u017belatowa 8, 32-555 Zag\u00f3rze","potentialAction":[{"@type":"SearchAction","target":{"@type":"EntryPoint","urlTemplate":"https:\/\/zagorze.schoolpage.pl\/?s={search_term_string}"},"query-input":{"@type":"PropertyValueSpecification","valueRequired":true,"valueName":"search_term_string"}}],"inLanguage":"pl-PL"}]}},"_links":{"self":[{"href":"https:\/\/zagorze.schoolpage.pl\/index.php\/wp-json\/wp\/v2\/pages\/121","targetHints":{"allow":["GET"]}}],"collection":[{"href":"https:\/\/zagorze.schoolpage.pl\/index.php\/wp-json\/wp\/v2\/pages"}],"about":[{"href":"https:\/\/zagorze.schoolpage.pl\/index.php\/wp-json\/wp\/v2\/types\/page"}],"author":[{"embeddable":true,"href":"https:\/\/zagorze.schoolpage.pl\/index.php\/wp-json\/wp\/v2\/users\/1"}],"replies":[{"embeddable":true,"href":"https:\/\/zagorze.schoolpage.pl\/index.php\/wp-json\/wp\/v2\/comments?post=121"}],"version-history":[{"count":9,"href":"https:\/\/zagorze.schoolpage.pl\/index.php\/wp-json\/wp\/v2\/pages\/121\/revisions"}],"predecessor-version":[{"id":7895,"href":"https:\/\/zagorze.schoolpage.pl\/index.php\/wp-json\/wp\/v2\/pages\/121\/revisions\/7895"}],"wp:attachment":[{"href":"https:\/\/zagorze.schoolpage.pl\/index.php\/wp-json\/wp\/v2\/media?parent=121"}],"curies":[{"name":"wp","href":"https:\/\/api.w.org\/{rel}","templated":true}]}}