{"id":7501,"date":"2025-02-03T21:28:54","date_gmt":"2025-02-03T20:28:54","guid":{"rendered":"https:\/\/zagorze.schoolpage.pl\/?page_id=7501"},"modified":"2026-02-25T18:10:55","modified_gmt":"2026-02-25T17:10:55","slug":"rekrutacja-2","status":"publish","type":"page","link":"https:\/\/zagorze.schoolpage.pl\/index.php\/rekrutacja-2\/","title":{"rendered":"Rekrutacja"},"content":{"rendered":"\n<p class=\"has-text-align-center has-vivid-green-cyan-color has-text-color has-link-color has-medium-font-size wp-elements-118152cd30391c0185af9f44a16712f2\">Informacja dotycz\u0105ca rekrutacji do przedszkoli i oddzia\u0142\u00f3w przedszkolnych w roku szkolnym 2026\/2027<\/p>\n\n\n\n<p class=\"has-text-align-center has-vivid-green-cyan-color has-text-color has-link-color has-medium-font-size wp-elements-6dcf8233e89095d6c18ae5a894dbf3fd\">w Gminie Babice.<\/p>\n\n\n\n<p class=\"has-text-align-center\">Wnioski o przyj\u0119cie do przedszkola mo\u017cna pobra\u0107 ze strony internetowej lub <\/p>\n\n\n\n<p class=\"has-text-align-center\">z sekretariatu przedszkola Samorz\u0105dowego w Zag\u00f3rzu.<\/p>\n\n\n\n<p class=\"has-text-align-center\">Wnioski nale\u017cy sk\u0142ada\u0107 w dniach od 25.02.2026r do 18.03.2026r.<\/p>\n\n\n\n\n\n\n\n<div class=\"wp-block-file\"><a id=\"wp-block-file--media-e610b527-2483-44dd-8484-26faf78e1dac\" href=\"https:\/\/zagorze.schoolpage.pl\/wp-content\/uploads\/2026\/02\/Informacja-o-rekrutacji-przedszkola-2026-2027.docx\">Informacja o rekrutacji przedszkola 2026-2027<\/a><a href=\"https:\/\/zagorze.schoolpage.pl\/wp-content\/uploads\/2026\/02\/Informacja-o-rekrutacji-przedszkola-2026-2027.docx\" class=\"wp-block-file__button wp-element-button\" download aria-describedby=\"wp-block-file--media-e610b527-2483-44dd-8484-26faf78e1dac\">Pobierz<\/a><\/div>\n\n\n\n<div class=\"wp-block-file\"><a id=\"wp-block-file--media-7b2d25ee-f978-4bbd-a359-c6fa78fdd734\" href=\"https:\/\/zagorze.schoolpage.pl\/wp-content\/uploads\/2026\/02\/oswiadczenie1.docx\">O\u015bwiadczenie o odpowiedzialno\u015bci karnej<\/a><a href=\"https:\/\/zagorze.schoolpage.pl\/wp-content\/uploads\/2026\/02\/oswiadczenie1.docx\" class=\"wp-block-file__button wp-element-button\" download aria-describedby=\"wp-block-file--media-7b2d25ee-f978-4bbd-a359-c6fa78fdd734\">Pobierz<\/a><\/div>\n\n\n\n<div class=\"wp-block-file\"><a id=\"wp-block-file--media-814f4050-c3aa-446c-b935-0067ca5fdd5d\" href=\"https:\/\/zagorze.schoolpage.pl\/wp-content\/uploads\/2026\/02\/Zarzadzenie-rekrutacja-przedszkoleszkola-rok-szkolny-20262027.pdf\">Zarz\u0105dzenie rekrutacja przedszkole rok szkolny 2026\/2027<\/a><a href=\"https:\/\/zagorze.schoolpage.pl\/wp-content\/uploads\/2026\/02\/Zarzadzenie-rekrutacja-przedszkoleszkola-rok-szkolny-20262027.pdf\" class=\"wp-block-file__button wp-element-button\" download aria-describedby=\"wp-block-file--media-814f4050-c3aa-446c-b935-0067ca5fdd5d\">Pobierz<\/a><\/div>\n\n\n\n<div class=\"wp-block-file\"><a id=\"wp-block-file--media-62fb974e-c134-4ab7-a719-e20e9c233609\" href=\"https:\/\/zagorze.schoolpage.pl\/index.php\/rekrutacja-2\/uchwala-rady-gminy-babice-003\/\">Uchwa\u0142a Rady Gminy Babice <\/a><a href=\"https:\/\/zagorze.schoolpage.pl\/wp-content\/uploads\/2026\/02\/Uchwala-Rady-Gminy-Babice-003.pdf\" class=\"wp-block-file__button wp-element-button\" download aria-describedby=\"wp-block-file--media-62fb974e-c134-4ab7-a719-e20e9c233609\">Pobierz<\/a><\/div>\n\n\n\n<div class=\"wp-block-file\"><a id=\"wp-block-file--media-516238d9-2d81-428f-bcc8-c95261225631\" href=\"https:\/\/zagorze.schoolpage.pl\/wp-content\/uploads\/2026\/02\/PRAWIDLOWY-WNIOSEK-1.rtf\">Wniosek o przyj\u0119cie do przedszkola<\/a><a href=\"https:\/\/zagorze.schoolpage.pl\/wp-content\/uploads\/2026\/02\/PRAWIDLOWY-WNIOSEK-1.rtf\" class=\"wp-block-file__button wp-element-button\" download aria-describedby=\"wp-block-file--media-516238d9-2d81-428f-bcc8-c95261225631\">Pobierz<\/a><\/div>\n\n\n\n<div class=\"wp-block-file\"><a id=\"wp-block-file--media-8b543d1a-6b63-42ee-81cd-7cb63d63d3ae\" href=\"https:\/\/zagorze.schoolpage.pl\/wp-content\/uploads\/2025\/02\/oswiadczenie-o-dacie-urodzenia-tylko-6-latki-11.docx\">O\u015bwiadczenie o dacie urodzenia tylko 6-latki<\/a><a href=\"https:\/\/zagorze.schoolpage.pl\/wp-content\/uploads\/2025\/02\/oswiadczenie-o-dacie-urodzenia-tylko-6-latki-11.docx\" class=\"wp-block-file__button wp-element-button\" download aria-describedby=\"wp-block-file--media-8b543d1a-6b63-42ee-81cd-7cb63d63d3ae\">Pobierz<\/a><\/div>\n\n\n\n<div class=\"wp-block-file\"><a id=\"wp-block-file--media-471c71bf-6971-4dac-b641-ab34fe4910ba\" href=\"https:\/\/zagorze.schoolpage.pl\/wp-content\/uploads\/2025\/02\/oswiadczenie-o-miejscu-zamieszkania1.docx\">O\u015bwiadczenie o miejscu zamieszkania<\/a><a href=\"https:\/\/zagorze.schoolpage.pl\/wp-content\/uploads\/2025\/02\/oswiadczenie-o-miejscu-zamieszkania1.docx\" class=\"wp-block-file__button wp-element-button\" download aria-describedby=\"wp-block-file--media-471c71bf-6971-4dac-b641-ab34fe4910ba\">Pobierz<\/a><\/div>\n\n\n\n<div class=\"wp-block-file\"><a id=\"wp-block-file--media-4f0c22d1-2603-496d-ade7-fe89e5b0a209\" href=\"https:\/\/zagorze.schoolpage.pl\/wp-content\/uploads\/2025\/02\/oswiadczenie-o-pomocy-spolecznej1.docx\">O\u015bwiadczenie o pomocy spo\u0142ecznej<\/a><a href=\"https:\/\/zagorze.schoolpage.pl\/wp-content\/uploads\/2025\/02\/oswiadczenie-o-pomocy-spolecznej1.docx\" class=\"wp-block-file__button wp-element-button\" download aria-describedby=\"wp-block-file--media-4f0c22d1-2603-496d-ade7-fe89e5b0a209\">Pobierz<\/a><\/div>\n\n\n\n<div class=\"wp-block-file\"><a id=\"wp-block-file--media-4ade271e-8fc3-4e38-955f-a3a535cf42e4\" href=\"https:\/\/zagorze.schoolpage.pl\/wp-content\/uploads\/2026\/02\/oswiadczenie-o-rodzenstwie-aplikujacym1-2.docx\">O\u015bwiadczenie o rodzenstwie aplikuj\u0105cym<\/a><a href=\"https:\/\/zagorze.schoolpage.pl\/wp-content\/uploads\/2026\/02\/oswiadczenie-o-rodzenstwie-aplikujacym1-2.docx\" class=\"wp-block-file__button wp-element-button\" download aria-describedby=\"wp-block-file--media-4ade271e-8fc3-4e38-955f-a3a535cf42e4\">Pobierz<\/a><\/div>\n\n\n\n<div class=\"wp-block-file\"><a id=\"wp-block-file--media-1cbeef78-8f03-4af3-aded-213ef0858fe9\" href=\"https:\/\/zagorze.schoolpage.pl\/wp-content\/uploads\/2026\/02\/7.oswiadczenie-o-wielodzietnosci-41.docx\">O\u015bwiadczenie o wielodzietno\u015bci<\/a><a href=\"https:\/\/zagorze.schoolpage.pl\/wp-content\/uploads\/2026\/02\/7.oswiadczenie-o-wielodzietnosci-41.docx\" class=\"wp-block-file__button wp-element-button\" download aria-describedby=\"wp-block-file--media-1cbeef78-8f03-4af3-aded-213ef0858fe9\">Pobierz<\/a><\/div>\n\n\n\n<div class=\"wp-block-file\"><a id=\"wp-block-file--media-f34c955f-4eb7-4b22-8eff-10a6f29cdddf\" href=\"https:\/\/zagorze.schoolpage.pl\/wp-content\/uploads\/2025\/02\/6.oswiadczenie-o-samotnym-wychowywaniu-dziecka-4-11.docx\">O\u015bwiadczenie o samotnym wychowywaniu dziecka<\/a><a href=\"https:\/\/zagorze.schoolpage.pl\/wp-content\/uploads\/2025\/02\/6.oswiadczenie-o-samotnym-wychowywaniu-dziecka-4-11.docx\" class=\"wp-block-file__button wp-element-button\" download aria-describedby=\"wp-block-file--media-f34c955f-4eb7-4b22-8eff-10a6f29cdddf\">Pobierz<\/a><\/div>\n\n\n\n<div class=\"wp-block-file\"><a id=\"wp-block-file--media-ca44ec7c-9ef9-49c9-bc2d-9c2b93053733\" href=\"https:\/\/zagorze.schoolpage.pl\/wp-content\/uploads\/2025\/02\/2-oswiadczenie-o-studiach-11.docx\">O\u015bwiadczenie o studiach<\/a><a href=\"https:\/\/zagorze.schoolpage.pl\/wp-content\/uploads\/2025\/02\/2-oswiadczenie-o-studiach-11.docx\" class=\"wp-block-file__button wp-element-button\" download aria-describedby=\"wp-block-file--media-ca44ec7c-9ef9-49c9-bc2d-9c2b93053733\">Pobierz<\/a><\/div>\n\n\n\n<p><\/p>\n","protected":false},"excerpt":{"rendered":"<p>Informacja dotycz\u0105ca rekrutacji do przedszkoli i oddzia\u0142\u00f3w przedszkolnych w roku szkolnym 2026\/2027 w Gminie Babice. Wnioski o przyj\u0119cie do przedszkola mo\u017cna pobra\u0107 ze strony internetowej lub z sekretariatu przedszkola Samorz\u0105dowego w Zag\u00f3rzu. Wnioski nale\u017cy sk\u0142ada\u0107 w dniach od 25.02.2026r do<\/p>\n","protected":false},"author":1,"featured_media":0,"parent":0,"menu_order":0,"comment_status":"closed","ping_status":"closed","template":"","meta":{"footnotes":""},"class_list":["post-7501","page","type-page","status-publish","hentry"],"yoast_head":"<!-- This site is optimized with the Yoast SEO plugin v27.3 - https:\/\/yoast.com\/product\/yoast-seo-wordpress\/ -->\n<title>Rekrutacja - Przedszkole Zag\u00f3rze<\/title>\n<meta name=\"robots\" content=\"index, follow, max-snippet:-1, max-image-preview:large, max-video-preview:-1\" \/>\n<link rel=\"canonical\" href=\"https:\/\/zagorze.schoolpage.pl\/index.php\/rekrutacja-2\/\" \/>\n<meta property=\"og:locale\" content=\"pl_PL\" \/>\n<meta property=\"og:type\" content=\"article\" \/>\n<meta property=\"og:title\" content=\"Rekrutacja - Przedszkole Zag\u00f3rze\" \/>\n<meta property=\"og:description\" content=\"Informacja dotycz\u0105ca rekrutacji do przedszkoli i oddzia\u0142\u00f3w przedszkolnych w roku szkolnym 2026\/2027 w Gminie Babice. Wnioski o przyj\u0119cie do przedszkola mo\u017cna pobra\u0107 ze strony internetowej lub z sekretariatu przedszkola Samorz\u0105dowego w Zag\u00f3rzu. Wnioski nale\u017cy sk\u0142ada\u0107 w dniach od 25.02.2026r do\" \/>\n<meta property=\"og:url\" content=\"https:\/\/zagorze.schoolpage.pl\/index.php\/rekrutacja-2\/\" \/>\n<meta property=\"og:site_name\" content=\"Przedszkole Zag\u00f3rze\" \/>\n<meta property=\"article:modified_time\" content=\"2026-02-25T17:10:55+00:00\" \/>\n<meta name=\"twitter:card\" content=\"summary_large_image\" \/>\n<meta name=\"twitter:label1\" content=\"Szacowany czas czytania\" \/>\n\t<meta name=\"twitter:data1\" content=\"1 minuta\" \/>\n<script type=\"application\/ld+json\" class=\"yoast-schema-graph\">{\"@context\":\"https:\\\/\\\/schema.org\",\"@graph\":[{\"@type\":\"WebPage\",\"@id\":\"https:\\\/\\\/zagorze.schoolpage.pl\\\/index.php\\\/rekrutacja-2\\\/\",\"url\":\"https:\\\/\\\/zagorze.schoolpage.pl\\\/index.php\\\/rekrutacja-2\\\/\",\"name\":\"Rekrutacja - Przedszkole Zag\u00f3rze\",\"isPartOf\":{\"@id\":\"https:\\\/\\\/zagorze.schoolpage.pl\\\/#website\"},\"datePublished\":\"2025-02-03T20:28:54+00:00\",\"dateModified\":\"2026-02-25T17:10:55+00:00\",\"breadcrumb\":{\"@id\":\"https:\\\/\\\/zagorze.schoolpage.pl\\\/index.php\\\/rekrutacja-2\\\/#breadcrumb\"},\"inLanguage\":\"pl-PL\",\"potentialAction\":[{\"@type\":\"ReadAction\",\"target\":[\"https:\\\/\\\/zagorze.schoolpage.pl\\\/index.php\\\/rekrutacja-2\\\/\"]}]},{\"@type\":\"BreadcrumbList\",\"@id\":\"https:\\\/\\\/zagorze.schoolpage.pl\\\/index.php\\\/rekrutacja-2\\\/#breadcrumb\",\"itemListElement\":[{\"@type\":\"ListItem\",\"position\":1,\"name\":\"Strona g\u0142\u00f3wna\",\"item\":\"https:\\\/\\\/zagorze.schoolpage.pl\\\/\"},{\"@type\":\"ListItem\",\"position\":2,\"name\":\"Rekrutacja\"}]},{\"@type\":\"WebSite\",\"@id\":\"https:\\\/\\\/zagorze.schoolpage.pl\\\/#website\",\"url\":\"https:\\\/\\\/zagorze.schoolpage.pl\\\/\",\"name\":\"Przedszkole Zag\u00f3rze\",\"description\":\"ul. \u017belatowa 8, 32-555 Zag\u00f3rze\",\"potentialAction\":[{\"@type\":\"SearchAction\",\"target\":{\"@type\":\"EntryPoint\",\"urlTemplate\":\"https:\\\/\\\/zagorze.schoolpage.pl\\\/?s={search_term_string}\"},\"query-input\":{\"@type\":\"PropertyValueSpecification\",\"valueRequired\":true,\"valueName\":\"search_term_string\"}}],\"inLanguage\":\"pl-PL\"}]}<\/script>\n<!-- \/ Yoast SEO plugin. -->","yoast_head_json":{"title":"Rekrutacja - Przedszkole Zag\u00f3rze","robots":{"index":"index","follow":"follow","max-snippet":"max-snippet:-1","max-image-preview":"max-image-preview:large","max-video-preview":"max-video-preview:-1"},"canonical":"https:\/\/zagorze.schoolpage.pl\/index.php\/rekrutacja-2\/","og_locale":"pl_PL","og_type":"article","og_title":"Rekrutacja - Przedszkole Zag\u00f3rze","og_description":"Informacja dotycz\u0105ca rekrutacji do przedszkoli i oddzia\u0142\u00f3w przedszkolnych w roku szkolnym 2026\/2027 w Gminie Babice. Wnioski o przyj\u0119cie do przedszkola mo\u017cna pobra\u0107 ze strony internetowej lub z sekretariatu przedszkola Samorz\u0105dowego w Zag\u00f3rzu. Wnioski nale\u017cy sk\u0142ada\u0107 w dniach od 25.02.2026r do","og_url":"https:\/\/zagorze.schoolpage.pl\/index.php\/rekrutacja-2\/","og_site_name":"Przedszkole Zag\u00f3rze","article_modified_time":"2026-02-25T17:10:55+00:00","twitter_card":"summary_large_image","twitter_misc":{"Szacowany czas czytania":"1 minuta"},"schema":{"@context":"https:\/\/schema.org","@graph":[{"@type":"WebPage","@id":"https:\/\/zagorze.schoolpage.pl\/index.php\/rekrutacja-2\/","url":"https:\/\/zagorze.schoolpage.pl\/index.php\/rekrutacja-2\/","name":"Rekrutacja - Przedszkole Zag\u00f3rze","isPartOf":{"@id":"https:\/\/zagorze.schoolpage.pl\/#website"},"datePublished":"2025-02-03T20:28:54+00:00","dateModified":"2026-02-25T17:10:55+00:00","breadcrumb":{"@id":"https:\/\/zagorze.schoolpage.pl\/index.php\/rekrutacja-2\/#breadcrumb"},"inLanguage":"pl-PL","potentialAction":[{"@type":"ReadAction","target":["https:\/\/zagorze.schoolpage.pl\/index.php\/rekrutacja-2\/"]}]},{"@type":"BreadcrumbList","@id":"https:\/\/zagorze.schoolpage.pl\/index.php\/rekrutacja-2\/#breadcrumb","itemListElement":[{"@type":"ListItem","position":1,"name":"Strona g\u0142\u00f3wna","item":"https:\/\/zagorze.schoolpage.pl\/"},{"@type":"ListItem","position":2,"name":"Rekrutacja"}]},{"@type":"WebSite","@id":"https:\/\/zagorze.schoolpage.pl\/#website","url":"https:\/\/zagorze.schoolpage.pl\/","name":"Przedszkole Zag\u00f3rze","description":"ul. \u017belatowa 8, 32-555 Zag\u00f3rze","potentialAction":[{"@type":"SearchAction","target":{"@type":"EntryPoint","urlTemplate":"https:\/\/zagorze.schoolpage.pl\/?s={search_term_string}"},"query-input":{"@type":"PropertyValueSpecification","valueRequired":true,"valueName":"search_term_string"}}],"inLanguage":"pl-PL"}]}},"_links":{"self":[{"href":"https:\/\/zagorze.schoolpage.pl\/index.php\/wp-json\/wp\/v2\/pages\/7501","targetHints":{"allow":["GET"]}}],"collection":[{"href":"https:\/\/zagorze.schoolpage.pl\/index.php\/wp-json\/wp\/v2\/pages"}],"about":[{"href":"https:\/\/zagorze.schoolpage.pl\/index.php\/wp-json\/wp\/v2\/types\/page"}],"author":[{"embeddable":true,"href":"https:\/\/zagorze.schoolpage.pl\/index.php\/wp-json\/wp\/v2\/users\/1"}],"replies":[{"embeddable":true,"href":"https:\/\/zagorze.schoolpage.pl\/index.php\/wp-json\/wp\/v2\/comments?post=7501"}],"version-history":[{"count":8,"href":"https:\/\/zagorze.schoolpage.pl\/index.php\/wp-json\/wp\/v2\/pages\/7501\/revisions"}],"predecessor-version":[{"id":8155,"href":"https:\/\/zagorze.schoolpage.pl\/index.php\/wp-json\/wp\/v2\/pages\/7501\/revisions\/8155"}],"wp:attachment":[{"href":"https:\/\/zagorze.schoolpage.pl\/index.php\/wp-json\/wp\/v2\/media?parent=7501"}],"curies":[{"name":"wp","href":"https:\/\/api.w.org\/{rel}","templated":true}]}}